a prime number?
False
Is 20801537 a composite number?
True
Is 21955 a composite number?
True
Is 6082799219 composite?
True
Is 45615017 a composite number?
True
Is 1227791 prime?
False
Is 152276486 a prime number?
False
Is 7141993 a composite number?
True
Is 298277 composite?
True
Is 1130081 composite?
False
Is 15848803 a composite number?
False
Is 3258001 a prime number?
True
Is 52856017 a composite number?
True
Is 4098361 prime?
False
Is 29209727 prime?
True
Is 50604173 composite?
True
Is 38873117 a composite number?
True
Is 12181289 prime?
True
Is 17732083 a prime number?
True
Is 46307777 prime?
True
Is 223208957 prime?
True
Is 100021241 prime?
False
Is 47417357 a prime number?
False
Is 57488147 a prime number?
True
Is 2106053 a composite number?
True
Is 62640289 composite?
True
Is 52565206 composite?
True
Is 51943589 composite?
False
Is 128717 a composite number?
False
Is 1831951 a prime number?
False
Is 10144141 a composite number?
True
Is 3970047 a prime number?
False
Is 1529183 composite?
True
Is 104968649 a composite number?
False
Is 175926783 prime?
False
Is 28568141 a prime number?
False
Is 27020339 prime?
True
Is 104634029 a prime number?
True
Is 30925105 a prime number?
False
Is 21244189 prime?
False
Is 900869 a composite number?
False
Is 27568123 a prime number?
False
Is 68173097 a composite number?
False
Is 996733 composite?
True
Is 4584383 a composite number?
True
Is 228263837 a composite number?
False
Is 31693247 a prime number?
True
Is 188969623 prime?
True
Is 47903374 composite?
True
Is 241199639 composite?
False
Is 15099637 composite?
True
Is 23481113 prime?
False
Is 7930093 a prime number?
True
Is 650723729 prime?
True
Is 23288647 a prime number?
False
Is 57782699 composite?
True
Is 1542179 a prime number?
True
Is 620757877 a composite number?
False
Is 2082709751 composite?
False
Is 328037 composite?
False
Is 3420581 composite?
False
Is 1282559 prime?
False
Is 524821 prime?
False
Is 85398133 a composite number?
True
Is 172585817 a prime number?
True
Is 83125319 composite?
True
Is 29081531 a composite number?
False
Is 8714305 composite?
True
Is 16740667 prime?
True
Is 14889713 a composite number?
False
Is 23288233 prime?
True
Is 69045703 composite?
False
Is 1937341 prime?
False
Is 419813081 composite?
False
Is 36349741 a prime number?
True
Is 11973707 prime?
False
Is 13229059 prime?
False
Is 26858209 a composite number?
True
Is 18672221 composite?
False
Is 205711639 composite?
True
Is 5478827 composite?
False
Is 61646401 a prime number?
True
Is 17969051 a composite number?
True
Is 186567 composite?
True
Is 2895937 a composite number?
True
Is 252001 composite?
False
Is 1741979 prime?
True
Is 5627623 a prime number?
False
Is 2252623 a prime number?
True
Is 1731173 composite?
True
Is 14148067 a prime number?
False
Is 129903335 a prime number?
False
Is 1105737 a prime number?
False
Is 5210089 a prime number?
False
Is 10963241 a prime number?
True
Is 1465082 a composite number?
True
Is 2043397 prime?
True
Is 1520527 composite?
False
Is 118657043 a composite number?
False
Is 111056963 a composite number?
False
Is 4683333 a composite number?
True
Is 258872233 prime?
False
Is 2370613 a prime number?
False
Is 46050929 a prime number?
False
Is 118077935 a composite number?
True
Is 6309227 composite?
True
Is 1236827 a prime number?
True
Is 38204879 composite?
True
Is 5809387 prime?
True
Is 4836371 prime?
False
Is 349928099 prime?
False
Is 571690571 prime?
True
Is 1199645 a prime number?
False
Is 53353438 a prime number?
False
Is 8107909 a prime number?
False
Is 11611993 composite?
True
Is 49050245 a prime number?
False
Is 1622603 a composite number?
True
Is 2743009 a composite number?
True
Is 31090711 prime?
True
Is 1153583 composite?
True
Is 30660941 prime?
True
Is 218501 a prime number?
False
Is 3037513 composite?
False
Is 53995667 a prime number?
False
Is 7097527 a prime number?
False
Is 4587923 a composite number?
True
Is 6238121 a composite number?
False
Is 95762 prime?
False
Is 7554641 a prime number?
True
Is 47631929 composite?
False
Is 7138613 prime?
True
Is 937993 composite?
True
Is 50593421 a prime number?
True
Is 159830423 a prime number?
False
Is 49823981 composite?
False
Is 85392191 a prime number?
True
Is 1095677 a composite number?
True
Is 1314851 a composite number?
False
Is 3146069 a composite number?
False
Is 10635823 prime?
False
Is 431125601 composite?
False
Is 3782909 a prime number?
False
Is 3929291 a prime number?
True
Is 7674619 a composite number?
False
Is 6067733 a composite number?
True
Is 11948851 a composite number?
True
Is 3298499 a prime number?
False
Is 4974859 composite?
True
Is 176359777 a composite number?
True
Is 326983 a prime number?
True
Is 783451 prime?
False
Is 50142777 a composite number?
True
Is 130053869 a composite number?
True
Is 4471349 a prime number?
True
Is 3849137 a prime number?
True
Is 16311011 composite?
False
Is 196227947 a composite number?
False
Is 4956043 a prime number?
False
Is 184891493 prime?
False
Is 558517 a composite number?
True
Is 3731549 prime?
True
Is 578343 composite?
True
Is 5331031 a prime number?
True
Is 62094749 a composite number?
True
Is 45944849 prime?
False
Is 644807 a prime number?
False
Is 30546557 prime?
True
Is 121562837 a prime number?
False
Is 36222961 a composite number?
True
Is 8120361 prime?
False
Is 27622003 prime?
True
Is 3351781 prime?
False
Is 1304027 prime?
False
Is 163465769 composite?
False
Is 84683965 a prime number?
False
Is 26523443 prime?
True
Is 538763 a prime number?
True
Is 47540611 a prime number?
True
Is 1111031 composite?
False
Is 1703603 composite?
True
Is 461205439 composite?
False
Is 497582083 a prime number?
False
Is 34408195 a composite number?
True
Is 7194221 a prime number?
True
Is 50557547 prime?
False
Is 9143681 composite?
False
Is 324053 prime?
True
Is 12584771 prime?
True
Is 85854719 prime?
True
Is 16527289 composite?
False
Is 31217887 a prime number?
True
Is 4488235 a prime number?
False
Is 5977063 prime?
False
Is 3952077 composite?
True
Is 17128697 composite?
False
Is 230194859 a composite number?
False
Is 7167961 a prime number?
False
Is 31108543 prime?
True
Is 1291678313 composite?
False
Is 118303882 a composite number?
True
Is 20471663 a composite number?
False
Is 11607086 a prime number?
False
Is 4034957 a prime number?
True
Is 12132143 a prime number?
False
Is 15059491 composite?
False
Is 68932223 composite?
True
Is 7745813 composite?
True
Is 58146059 composite?
False
Is 140160271 prime?
False
Is 155437 a prime number?
False
Is 27080773 a composite number?
True
Is 845893 composite?
False
Is 136447 a prime number?
True
Is 4790167 prime?
True
Is 146164003 prime?
False
Is 472614481 prime?
False
Is 9535297 composite?
False
Is 4789657 a prime number?
False
Is 279046199 prime?
False
Is 204029 a prime number?
False
Is 2338685 a composite number?
True
Is 24733439 composite?
False
Is 30442897 a prime number?
False
Is 25370413 a prime number?
False
Is 3593453 a composite number?
True
Is 16586093 composite?
False
Is 62150513 prime?
False
Is 4553401 a prime number?
True
Is 9095215 composite?
True
Is 95600699 a prime number?
True
Is 9119917 composite?
True
Is 7887731 prime?
False
Is 765251 a composite number?
False
Is 1253323 composite?
False
Is 37681669 composite?
False
Is 4620719 composite?
True
Is 13002907 a composite number?
True
Is 189097943 prime?
True
Is 89253001 composite?
True
Is 36352299 a composite number?
True
Is 61997293 prime?
False
Is 6970841 composite?
False
Is 49842217 a composite number?
False
Is 83740687 a composite number?
True
Is 1136327 a prime number?
True
Is 422309801 prime?
False
Is 2440439 a composite number?
False
Is 22131947 a prime number?
True
Is 8215261 a prime number?
False
Is 7075727 composite?
True
Is 237506261 prime?
True
Is 83019479 a prime number?
True
Is 9584483 a prime number?
True
Is 103553531 a composite number?
False
Is 2023061 composite?
False
Is 147322589 a prime number?
True
Is 91068755 composite?
True
Is 169884047 composite?
True
Is 5608549 prime?
True
Is 1268321 a prime number?
False
Is 5190929 a composite number?
False
Is 1585039 a composite number?
True
Is 776239 a composite number?
True
Is 1551523 prime?
False
Is 1381153 a composite number?
False
Is 39803 a composite number?
